{"id":186,"date":"2023-05-04T02:35:56","date_gmt":"2023-05-03T23:35:56","guid":{"rendered":"http:\/\/ynsyatirim.com.tr\/?page_id=186"},"modified":"2023-05-07T15:45:19","modified_gmt":"2023-05-07T12:45:19","slug":"lisanssiz-ges-referanlari","status":"publish","type":"page","link":"https:\/\/ynsyatirim.com.tr\/index.php\/lisanssiz-ges-referanlari\/","title":{"rendered":"Lisanss\u0131z GES Referanslar\u0131m\u0131z (5.1\/h Kapsam\u0131ndaki)"},"content":{"rendered":"\n<h1 class=\"wp-block-heading\"><\/h1>\n\n\n\n<div class=\"wp-block-columns is-layout-flex wp-container-core-columns-is-layout-9d6595d7 wp-block-columns-is-layout-flex\">\n<div class=\"wp-block-column is-layout-flow wp-block-column-is-layout-flow\" style=\"flex-basis:100%\">\n<figure class=\"wp-block-table\"><table><tbody><tr><td>S\u0131ra<\/td><td>Tesis Ad\u0131<\/td><td>\u0130l<\/td><td>\u0130l\u00e7e<\/td><td>Santral G\u00fcc\u00fc&nbsp;&nbsp;&nbsp;&nbsp; [kWe]<\/td><td>Yat\u0131r\u0131mc\u0131<\/td><\/tr><tr><td>1<\/td><td>YNS YATIRIM-9 GES<\/td><td>KONYA<\/td><td>EM\u0130RGAZ\u0130<\/td><td>950<\/td><td>YNS YATIRIM PROJE VE ELEKTR\u0130K ENERJ\u0130S\u0130 ANON\u0130M \u015e\u0130RKET\u0130<\/td><\/tr><tr><td>2<\/td><td>\u0130NC\u0130 D\u0130\u015eL\u0130 GES<\/td><td>KONYA<\/td><td>Emirgazi<\/td><td>750<\/td><td>\u0130NC\u0130 D\u0130\u015eL\u0130 MAK\u0130NA ELEKTR\u0130K SAN. VE T\u0130C. LTD. \u015eT\u0130.<\/td><\/tr><tr><td>3<\/td><td>TAN D\u0130\u015eL\u0130 GES<\/td><td>KONYA<\/td><td>Emirgazi<\/td><td>750<\/td><td>TAN D\u0130\u015eL\u0130 MAK\u0130NE ELEKTR\u0130K SAN. VE T\u0130C. LTD. \u015eT\u0130.<\/td><\/tr><tr><td>4<\/td><td>\u0130NC\u0130 D\u0130\u015eL\u0130 -3 GES<\/td><td>N\u0130\u011eDE<\/td><td>Merkez<\/td><td>500<\/td><td>\u0130NC\u0130 D\u0130\u015eL\u0130 MAK\u0130NA ELEKTR\u0130K SAN. VE T\u0130C. LTD. \u015eT\u0130.<\/td><\/tr><tr><td>5<\/td><td>TAN D\u0130\u015eL\u0130 -3 GES<\/td><td>N\u0130\u011eDE<\/td><td>Merkez<\/td><td>500<\/td><td>TAN D\u0130\u015eL\u0130 MAK\u0130NE ELEKTR\u0130K SAN. VE T\u0130C. LTD. \u015eT\u0130.<\/td><\/tr><tr><td>6<\/td><td>MEHMET KAPLAN-7 GES<\/td><td>N\u0130\u011eDE<\/td><td>Merkez<\/td><td>750<\/td><td>MEHMET KAPLAN<\/td><\/tr><tr><td>7<\/td><td>MEHMET KAPLAN-9 GES<\/td><td>KONYA<\/td><td>Emirgazi<\/td><td>925<\/td><td>MEHMET KAPLAN<\/td><\/tr><tr><td>8<\/td><td>VAHA MAK\u0130NA-2 GES<\/td><td>KONYA<\/td><td>Emirgazi<\/td><td>500<\/td><td>VAHA MAK\u0130NA VE ELEKTR\u0130K SAN. T\u0130C. LTD. \u015eT\u0130.<\/td><\/tr><tr><td>9<\/td><td>MEHMET KAPLAN-10 GES<\/td><td>KONYA<\/td><td>Emirgazi<\/td><td>900<\/td><td>MEHMET KAPLAN<\/td><\/tr><tr><td>10<\/td><td>SARP MAK\u0130NA-2 GES<\/td><td>KONYA<\/td><td>Emirgazi<\/td><td>500<\/td><td>SARP MAK\u0130NA VE ELEKTR\u0130K SAN. T\u0130C. LTD. \u015eT\u0130.<\/td><\/tr><tr><td>11<\/td><td>MEHMET KAPLAN-11 GES<\/td><td>KONYA<\/td><td>Emirgazi<\/td><td>500<\/td><td>MEHMET KAPLAN<\/td><\/tr><tr><td>12<\/td><td>MEHMET KAPLAN-12 GES<\/td><td>KONYA<\/td><td>Emirgazi<\/td><td>950<\/td><td>MEHMET KAPLAN<\/td><\/tr><tr><td>13<\/td><td>MEHMET KAPLAN-13 GES<\/td><td>KONYA<\/td><td>\u00c7umra<\/td><td>450<\/td><td>MEHMET KAPLAN<\/td><\/tr><tr><td>14<\/td><td>SARP MAK\u0130NA-3 GES<\/td><td>KONYA<\/td><td>Emirgazi<\/td><td>750<\/td><td>SARP MAK\u0130NA VE ELEKTR\u0130K SAN. T\u0130C. LTD. \u015eT\u0130.<\/td><\/tr><tr><td>15<\/td><td>VAHA MAK\u0130NA-3 GES<\/td><td>N\u0130\u011eDE<\/td><td>Merkez<\/td><td>750<\/td><td>VAHA MAK\u0130NA VE ELEKTR\u0130K SAN. T\u0130C. LTD. \u015eT\u0130.<\/td><\/tr><tr><td>16<\/td><td>YNS YATIRIM-7 GES GA<\/td><td>KARAMAN<\/td><td>Merkez<\/td><td>554<\/td><td>YNS YATIRIM PROJE VE ELEKTR\u0130K ENERJ\u0130S\u0130 ANON\u0130M \u015e\u0130RKET\u0130&nbsp;<\/td><\/tr><tr><td>17<\/td><td>\u00c7a\u011flayan Un-1 GES<\/td><td>AKSARAY<\/td><td>MERKEZ<\/td><td>800<\/td><td>\u00c7A\u011eLAYANLAR UN SANAY\u0130 VE T\u0130CARET L\u0130M\u0130TED \u015e\u0130RKET\u0130<\/td><\/tr><tr><td>18<\/td><td>Mehmet Kaplan-14 GES<\/td><td>AKSARAY<\/td><td>MERKEZ<\/td><td>800<\/td><td>MEHMET KAPLAN<\/td><\/tr><tr><td>19<\/td><td>\u00c7a\u011flayan Un-2 GES<\/td><td>AKSARAY<\/td><td>MERKEZ<\/td><td>800<\/td><td>\u00c7A\u011eLAYANLAR UN SANAY\u0130 VE T\u0130CARET L\u0130M\u0130TED \u015e\u0130RKET\u0130<\/td><\/tr><tr><td>20<\/td><td>Mehmet Kaplan-15 GES<\/td><td>AKSARAY<\/td><td>MERKEZ<\/td><td>800<\/td><td>MEHMET KAPLAN<\/td><\/tr><tr><td>21<\/td><td>\u00c7a\u011flayan Un-3 GES<\/td><td>AKSARAY<\/td><td>MERKEZ<\/td><td>800<\/td><td>\u00c7A\u011eLAYANLAR UN SANAY\u0130 VE T\u0130CARET L\u0130M\u0130TED \u015e\u0130RKET\u0130<\/td><\/tr><tr><td>22<\/td><td>K\u00d6RO\u011eLU KAU\u00c7UK-5 GES<\/td><td>NEV\u015eEH\u0130R<\/td><td>\u00dcRG\u00dcP<\/td><td>720<\/td><td>K\u00d6RO\u011eLU KAU\u00c7UK SANAY\u0130 VE T\u0130CARET ANON\u0130M \u015e\u0130RKET\u0130<\/td><\/tr><tr><td>23<\/td><td>BEEF ET-4 GES<\/td><td>NEV\u015eEH\u0130R<\/td><td>\u00dcRG\u00dcP<\/td><td>744<\/td><td>BEEF ET ENTEGRE SANAY\u0130 VE T\u0130CARET L\u0130M\u0130TED \u015e\u0130RKET\u0130<\/td><\/tr><tr><td>24<\/td><td>K\u00d6RO\u011eLU KAU\u00c7UK-4 GES<\/td><td>NEV\u015eEH\u0130R<\/td><td>\u00dcRG\u00dcP<\/td><td>720<\/td><td>K\u00d6RO\u011eLU KAU\u00c7UK SANAY\u0130 VE T\u0130CARET ANON\u0130M \u015e\u0130RKET\u0130<\/td><\/tr><tr><td>25<\/td><td>BEEF ET-3 GES<\/td><td>NEV\u015eEH\u0130R<\/td><td>\u00dcRG\u00dcP<\/td><td>744<\/td><td>BEEF ET ENTEGRE SANAY\u0130 VE T\u0130CARET L\u0130M\u0130TED \u015e\u0130RKET\u0130<\/td><\/tr><tr><td>26<\/td><td>K\u00d6RO\u011eLU KAU\u00c7UK-3 GES<\/td><td>NEV\u015eEH\u0130R<\/td><td>\u00dcRG\u00dcP<\/td><td>720<\/td><td>K\u00d6RO\u011eLU KAU\u00c7UK SANAY\u0130 VE T\u0130CARET ANON\u0130M \u015e\u0130RKET\u0130<\/td><\/tr><tr><td>27<\/td><td>BEEF ET-2 GES<\/td><td>NEV\u015eEH\u0130R<\/td><td>\u00dcRG\u00dcP<\/td><td>744<\/td><td>BEEF ET ENTEGRE SANAY\u0130 VE T\u0130CARET L\u0130M\u0130TED \u015e\u0130RKET\u0130<\/td><\/tr><tr><td>28<\/td><td>K\u00d6RO\u011eLU KAU\u00c7UK-2 GES<\/td><td>NEV\u015eEH\u0130R<\/td><td>\u00dcRG\u00dcP<\/td><td>720<\/td><td>K\u00d6RO\u011eLU KAU\u00c7UK SANAY\u0130 VE T\u0130CARET ANON\u0130M \u015e\u0130RKET\u0130<\/td><\/tr><tr><td>29<\/td><td>PROCESS AL\u00dcM\u0130NYUM-1 GES<\/td><td>NEV\u015eEH\u0130R<\/td><td>\u00dcRG\u00dcP<\/td><td>665<\/td><td>PROCESS AL\u00dcM\u0130NYUM PLAST\u0130K SANAY\u0130 T\u0130CARET L\u0130M\u0130TED \u015e\u0130RKET\u0130<\/td><\/tr><tr><td>30<\/td><td>\u00d6zen De\u011firmen-1 GES<\/td><td>NEV\u015eEH\u0130R<\/td><td>\u00dcRG\u00dcP<\/td><td>750<\/td><td>\u00d6ZEN DE\u011e\u0130RMEN MAK\u0130NA SANAY\u0130 VE T\u0130CARET L\u0130M\u0130TED \u015e\u0130RKET\u0130<\/td><\/tr><tr><td>31<\/td><td>Process Al\u00fcminyum-2 GES<\/td><td>NEV\u015eEH\u0130R<\/td><td>\u00dcRG\u00dcP<\/td><td>665<\/td><td>PROCESS AL\u00dcM\u0130NYUM PLAST\u0130K SANAY\u0130 T\u0130CARET L\u0130M\u0130TED \u015e\u0130RKET\u0130<\/td><\/tr><tr><td>32<\/td><td>BEEF Et-1 GES<\/td><td>NEV\u015eEH\u0130R<\/td><td>\u00dcRG\u00dcP<\/td><td>744<\/td><td>BEEF ET ENTEGRE SANAY\u0130 VE T\u0130CARET L\u0130M\u0130TED \u015e\u0130RKET\u0130<\/td><\/tr><tr><td>33<\/td><td>K\u00f6ro\u011flu Kau\u00e7uk-1 GES<\/td><td>NEV\u015eEH\u0130R<\/td><td>\u00dcRG\u00dcP<\/td><td>720<\/td><td>K\u00d6RO\u011eLU KAU\u00c7UK SANAY\u0130 VE T\u0130CARET ANON\u0130M \u015e\u0130RKET\u0130<\/td><\/tr><tr><td>34<\/td><td>\u00d6zen De\u011firmen-2 GES<\/td><td>NEV\u015eEH\u0130R<\/td><td>\u00dcRG\u00dcP<\/td><td>400<\/td><td>\u00d6ZEN DE\u011e\u0130RMEN MAK\u0130NA SANAY\u0130 VE T\u0130CARET L\u0130M\u0130TED \u015e\u0130RKET\u0130<\/td><\/tr><tr><td>35<\/td><td>BEEF Et-5 GES<\/td><td>NEV\u015eEH\u0130R<\/td><td>\u00dcRG\u00dcP<\/td><td>744<\/td><td>BEEF ET ENTEGRE SANAY\u0130 VE T\u0130CARET L\u0130M\u0130TED \u015e\u0130RKET\u0130<\/td><\/tr><tr><td>36<\/td><td>Process Al\u00fcminyum-3 GES<\/td><td>NEV\u015eEH\u0130R<\/td><td>\u00dcRG\u00dcP<\/td><td>665<\/td><td>PROCESS AL\u00dcM\u0130NYUM PLAST\u0130K SANAY\u0130 T\u0130CARET L\u0130M\u0130TED \u015e\u0130RKET\u0130<\/td><\/tr><tr><td>37<\/td><td>Process Al\u00fcminyum-4 GES<\/td><td>NEV\u015eEH\u0130R<\/td><td>\u00dcRG\u00dcP<\/td><td>665<\/td><td>PROCESS AL\u00dcM\u0130NYUM PLAST\u0130K SANAY\u0130 T\u0130CARET L\u0130M\u0130TED \u015e\u0130RKET\u0130<\/td><\/tr><tr><td>38<\/td><td>BEEF Et-6 GES<\/td><td>NEV\u015eEH\u0130R<\/td><td>\u00dcRG\u00dcP<\/td><td>744<\/td><td>BEEF ET ENTEGRE SANAY\u0130 VE T\u0130CARET L\u0130M\u0130TED \u015e\u0130RKET\u0130<\/td><\/tr><tr><td>39<\/td><td>BEEF Et-7 GES<\/td><td>NEV\u015eEH\u0130R<\/td><td>\u00dcRG\u00dcP<\/td><td>744<\/td><td>BEEF ET ENTEGRE SANAY\u0130 VE T\u0130CARET L\u0130M\u0130TED \u015e\u0130RKET\u0130<\/td><\/tr><tr><td>40<\/td><td>BEEF Et-8 GES<\/td><td>NEV\u015eEH\u0130R<\/td><td>KOZAKLI<\/td><td>744<\/td><td>BEEF ET ENTEGRE SANAY\u0130 VE T\u0130CARET L\u0130M\u0130TED \u015e\u0130RKET\u0130<\/td><\/tr><tr><td>41<\/td><td>Mehmet Kaplan-16 GES<\/td><td>NEV\u015eEH\u0130R<\/td><td>KOZAKLI<\/td><td>820<\/td><td>MEHMET KAPLAN<\/td><\/tr><tr><td>42<\/td><td>K\u00fcre Makina-1 GES<\/td><td>NEV\u015eEH\u0130R<\/td><td>KOZAKLI<\/td><td>600<\/td><td>K\u00dcRE MAK\u0130NA VE ELEKTR\u0130K SANAY\u0130 T\u0130CARET L\u0130M\u0130TED \u015e\u0130RKET\u0130<\/td><\/tr><tr><td>43<\/td><td>Meke Makina-1 GES<\/td><td>NEV\u015eEH\u0130R<\/td><td>KOZAKLI<\/td><td>625<\/td><td>MEKE MAK\u0130NA VE ELEKTR\u0130K SANAY\u0130 T\u0130CARET L\u0130M\u0130TED \u015e\u0130RKET\u0130<\/td><\/tr><tr><td>44<\/td><td>K\u00fcre Makina-2 GES<\/td><td>NEV\u015eEH\u0130R<\/td><td>KOZAKLI<\/td><td>650<\/td><td>K\u00dcRE MAK\u0130NA VE ELEKTR\u0130K SANAY\u0130 T\u0130CARET L\u0130M\u0130TED \u015e\u0130RKET\u0130<\/td><\/tr><tr><td>45<\/td><td>Meke Makina-2 GES<\/td><td>NEV\u015eEH\u0130R<\/td><td>KOZAKLI<\/td><td>625<\/td><td>MEKE MAK\u0130NA VE ELEKTR\u0130K SANAY\u0130 T\u0130CARET L\u0130M\u0130TED \u015e\u0130RKET\u0130<\/td><\/tr><tr><td>46<\/td><td>Mehmet Kaplan-17 GES<\/td><td>NEV\u015eEH\u0130R<\/td><td>KOZAKLI<\/td><td>825<\/td><td>MEHMET KAPLAN<\/td><\/tr><tr><td>47<\/td><td>BEEF Et-9 GES<\/td><td>NEV\u015eEH\u0130R<\/td><td>KOZAKLI<\/td><td>744<\/td><td>BEEF ET ENTEGRE SANAY\u0130 VE T\u0130CARET L\u0130M\u0130TED \u015e\u0130RKET\u0130<\/td><\/tr><tr><td>48<\/td><td>Mehmet Kaplan-18<\/td><td>NEV\u015eEH\u0130R<\/td><td>KOZAKLI<\/td><td>775<\/td><td>MEHMET KAPLAN<\/td><\/tr><tr><td>49<\/td><td>YNS Yat\u0131r\u0131m-10 GES<\/td><td>N\u0130\u011eDE<\/td><td>DE\u011e\u0130RMENL\u0130<\/td><td>750<\/td><td>YNS YATIRIM PROJE VE ELEKTR\u0130K ENERJ\u0130S\u0130 A.\u015e.<\/td><\/tr><tr><td>50<\/td><td>BEEF ET-13<\/td><td>NEV\u015eEH\u0130R<\/td><td>\u00d6ZL\u00dcCE<\/td><td>600<\/td><td>BEEF ET ENTEGRE SANAY\u0130 VE T\u0130CARET L\u0130M\u0130TED \u015e\u0130RKET\u0130<\/td><\/tr><tr><td>51<\/td><td>BEEF ET-11<\/td><td>NEV\u015eEH\u0130R<\/td><td>G\u00dcVERC\u0130NL\u0130K<\/td><td>744<\/td><td>BEEF ET ENTEGRE SANAY\u0130 VE T\u0130CARET L\u0130M\u0130TED \u015e\u0130RKET\u0130<\/td><\/tr><tr><td>52<\/td><td>BEEF ET-14<\/td><td>NEV\u015eEH\u0130R<\/td><td>KAYMAKLI<\/td><td>744<\/td><td>BEEF ET ENTEGRE SANAY\u0130 VE T\u0130CARET L\u0130M\u0130TED \u015e\u0130RKET\u0130<\/td><\/tr><tr><td>53<\/td><td>BEEF ET-12<\/td><td>NEV\u015eEH\u0130R<\/td><td>G\u00dcVERC\u0130NL\u0130K<\/td><td>744<\/td><td>BEEF ET ENTEGRE SANAY\u0130 VE T\u0130CARET L\u0130M\u0130TED \u015e\u0130RKET\u0130<\/td><\/tr><tr><td>54<\/td><td>\u00c7A\u011eLAYAN UN-5<\/td><td>NEV\u015eEH\u0130R<\/td><td>KAYMAKLI<\/td><td>800<\/td><td>\u00c7A\u011eLAYANLAR UN SANAY\u0130 VE T\u0130CARET L\u0130M\u0130TED \u015e\u0130RKET\u0130<\/td><\/tr><tr><td>55<\/td><td>\u00c7A\u011eLAYAN UN-4<\/td><td>NEV\u015eEH\u0130R<\/td><td>G\u00dcVERC\u0130NL\u0130K<\/td><td>800<\/td><td>\u00c7A\u011eLAYANLAR UN SANAY\u0130 VE T\u0130CARET L\u0130M\u0130TED \u015e\u0130RKET\u0130<\/td><\/tr><tr><td>56<\/td><td>F\u0130LTRON-1<\/td><td>NEV\u015eEH\u0130R<\/td><td>G\u00d6RE \u00c7AYIRLIK<\/td><td>600<\/td><td>F\u0130LTRON SU TEKNOLOJ\u0130LER\u0130 M\u00dcHEND\u0130SL\u0130K SAN. VE T\u0130C. LTD. \u015eT\u0130.<\/td><\/tr><tr><td>57<\/td><td>K\u00d6RO\u011eLU KAU\u00c7UK-4<\/td><td>NEV\u015eEH\u0130R<\/td><td>G\u00dcVERC\u0130NL\u0130K<\/td><td>720<\/td><td>K\u00d6RO\u011eLU KAU\u00c7UK SANAY\u0130 VE T\u0130CARET ANON\u0130M \u015e\u0130RKET\u0130<\/td><\/tr><tr><td>58<\/td><td>K\u00dcRE MAK\u0130NA-1<\/td><td>NEV\u015eEH\u0130R<\/td><td>G\u00dcVERC\u0130NL\u0130K<\/td><td>600<\/td><td>K\u00dcRE MAK\u0130NA VE ELEKTR\u0130K SAN. T\u0130C. LTD. \u015eT\u0130.<\/td><\/tr><tr><td>59<\/td><td>K\u00dcRE MAK\u0130NA-2 GES<\/td><td>NEV\u015eEH\u0130R<\/td><td>G\u00d6RE \u00c7AYIRLIK<\/td><td>650<\/td><td>K\u00dcRE MAK\u0130NA VE ELEKTR\u0130K SAN. T\u0130C. LTD. \u015eT\u0130.<\/td><\/tr><tr><td>60<\/td><td>MEHMET KAPLAN-25<\/td><td>NEV\u015eEH\u0130R<\/td><td>\u00d6ZL\u00dcCE<\/td><td>625<\/td><td>MEHMET KAPLAN<\/td><\/tr><tr><td>61<\/td><td>MEHMET KAPLAN-21<\/td><td>NEV\u015eEH\u0130R<\/td><td>KAYMAKLI<\/td><td>720<\/td><td>MEHMET KAPLAN<\/td><\/tr><tr><td>62<\/td><td>MEHMET KAPLAN-22<\/td><td>NEV\u015eEH\u0130R<\/td><td>KAYMAKLI<\/td><td>500<\/td><td>MEHMET KAPLAN<\/td><\/tr><tr><td>63<\/td><td>MEHMET KAPLAN-24<\/td><td>NEV\u015eEH\u0130R<\/td><td>KAYMAKLI<\/td><td>600<\/td><td>MEHMET KAPLAN<\/td><\/tr><tr><td>64<\/td><td>MEHMET KAPLAN-19<\/td><td>NEV\u015eEH\u0130R<\/td><td>KAYMAKLI<\/td><td>660<\/td><td>MEHMET KAPLAN<\/td><\/tr><tr><td>65<\/td><td>MEHMET KAPLAN-20<\/td><td>NEV\u015eEH\u0130R<\/td><td>KAYMAKLI<\/td><td>640<\/td><td>MEHMET KAPLAN<\/td><\/tr><tr><td>66<\/td><td>MEHMET KAPLAN-18<\/td><td>NEV\u015eEH\u0130R<\/td><td>KAYMAKLI<\/td><td>670<\/td><td>MEHMET KAPLAN<\/td><\/tr><tr><td>67<\/td><td>MEHMET KAPLAN-17<\/td><td>NEV\u015eEH\u0130R<\/td><td>KAYMAKLI<\/td><td>520<\/td><td>MEHMET KAPLAN<\/td><\/tr><tr><td>68<\/td><td>MEHMET KAPLAN-23<\/td><td>NEV\u015eEH\u0130R<\/td><td>KAYMAKLI<\/td><td>600<\/td><td>MEHMET KAPLAN<\/td><\/tr><tr><td>69<\/td><td>MEHMET KAPLAN-16<\/td><td>NEV\u015eEH\u0130R<\/td><td>G\u00d6RE \u00c7AYIRLIK<\/td><td>800<\/td><td>MEHMET KAPLAN<\/td><\/tr><tr><td>70<\/td><td>MEKE MAK\u0130NA-1<\/td><td>NEV\u015eEH\u0130R<\/td><td>G\u00dcVERC\u0130NL\u0130K<\/td><td>550<\/td><td>MEKE MAK\u0130NA VE ELEKTR\u0130K SANAY\u0130 T\u0130CARET L\u0130M\u0130TED \u015e\u0130RKET\u0130<\/td><\/tr><tr><td>71<\/td><td>MEKE MAK\u0130NA-2<\/td><td>NEV\u015eEH\u0130R<\/td><td>KAYMAKLI<\/td><td>690<\/td><td>MEKE MAK\u0130NA VE ELEKTR\u0130K SANAY\u0130 T\u0130CARET L\u0130M\u0130TED \u015e\u0130RKET\u0130<\/td><\/tr><tr><td>72<\/td><td>ORGAFERM-5<\/td><td>NEV\u015eEH\u0130R<\/td><td>G\u00dcVERC\u0130NL\u0130K<\/td><td>700<\/td><td>ORGAFERM G\u00dcBRE SANAY\u0130 T\u0130CARET L\u0130M\u0130TED \u015e\u0130RKET\u0130<\/td><\/tr><tr><td>73<\/td><td>ORGAFERM-6<\/td><td>NEV\u015eEH\u0130R<\/td><td>G\u00dcVERC\u0130NL\u0130K<\/td><td>640<\/td><td>ORGAFERM G\u00dcBRE SANAY\u0130 T\u0130CARET L\u0130M\u0130TED \u015e\u0130RKET\u0130<\/td><\/tr><tr><td>74<\/td><td>ORGAFERM-3<\/td><td>NEV\u015eEH\u0130R<\/td><td>G\u00dcVERC\u0130NL\u0130K<\/td><td>740<\/td><td>ORGAFERM G\u00dcBRE SANAY\u0130 T\u0130CARET L\u0130M\u0130TED \u015e\u0130RKET\u0130<\/td><\/tr><tr><td>75<\/td><td>ORGAFERM-2<\/td><td>NEV\u015eEH\u0130R<\/td><td>G\u00dcVERC\u0130NL\u0130K<\/td><td>740<\/td><td>ORGAFERM G\u00dcBRE SANAY\u0130 T\u0130CARET L\u0130M\u0130TED \u015e\u0130RKET\u0130<\/td><\/tr><tr><td>76<\/td><td>ORGAFERM-4<\/td><td>NEV\u015eEH\u0130R<\/td><td>KAYMAKLI<\/td><td>770<\/td><td>ORGAFERM G\u00dcBRE SANAY\u0130 T\u0130CARET L\u0130M\u0130TED \u015e\u0130RKET\u0130<\/td><\/tr><tr><td>77<\/td><td>SUPAR-1<\/td><td>NEV\u015eEH\u0130R<\/td><td>KAYMAKLI<\/td><td>800<\/td><td>SUPAR SUPAP VE PAR\u00c7A SANAY\u0130 T\u0130CARET ANON\u0130M \u015e\u0130RKET\u0130<\/td><\/tr><tr><td>78<\/td><td>VAHA MAK\u0130NA-4<\/td><td>NEV\u015eEH\u0130R<\/td><td>\u00d6ZL\u00dcCE<\/td><td>500<\/td><td>VAHA MAK\u0130NA VE ELEKTR\u0130K SAN. T\u0130C. LTD. \u015eT\u0130.<\/td><\/tr><tr><td>79<\/td><td>YENMAK MOTOR-1<\/td><td>NEV\u015eEH\u0130R<\/td><td>G\u00dcVERC\u0130NL\u0130K<\/td><td>665<\/td><td>YENMAK MOTOR G\u00d6MLEK SANAY\u0130 VE T\u0130CARET ANON\u0130M \u015e\u0130RKET\u0130<\/td><\/tr><tr><td>80<\/td><td>YENMAK MOTOR-5<\/td><td>NEV\u015eEH\u0130R<\/td><td>KAYMAKLI<\/td><td>720<\/td><td>YENMAK MOTOR G\u00d6MLEK SANAY\u0130 VE T\u0130CARET ANON\u0130M \u015e\u0130RKET\u0130<\/td><\/tr><tr><td>81<\/td><td>YENMAK MOTOR-6<\/td><td>NEV\u015eEH\u0130R<\/td><td>KAYMAKLI<\/td><td>740<\/td><td>YENMAK MOTOR G\u00d6MLEK SANAY\u0130 VE T\u0130CARET ANON\u0130M \u015e\u0130RKET\u0130<\/td><\/tr><tr><td>82<\/td><td>YENMAK MOTOR-3<\/td><td>NEV\u015eEH\u0130R<\/td><td>KAYMAKLI<\/td><td>740<\/td><td>YENMAK MOTOR G\u00d6MLEK SANAY\u0130 VE T\u0130CARET ANON\u0130M \u015e\u0130RKET\u0130<\/td><\/tr><tr><td>83<\/td><td>YENMAK P\u0130STON-2<\/td><td>NEV\u015eEH\u0130R<\/td><td>KAYMAKLI<\/td><td>580<\/td><td>YENMAK P\u0130STON VE SEGMAN SANAY\u0130 VE T\u0130CARET ANON\u0130M \u015e\u0130RKET\u0130<\/td><\/tr><tr><td>84<\/td><td>YENMAK P\u0130STON-1<\/td><td>NEV\u015eEH\u0130R<\/td><td>KAYMAKLI<\/td><td>420<\/td><td>YENMAK P\u0130STON VE SEGMAN SANAY\u0130 VE T\u0130CARET ANON\u0130M \u015e\u0130RKET\u0130<\/td><\/tr><\/tbody><\/table><\/figure>\n<\/div>\n<\/div>\n\n\n\n<h1 class=\"wp-block-heading\">&nbsp;<\/h1>\n","protected":false},"excerpt":{"rendered":"<p>S\u0131ra Tesis Ad\u0131 \u0130l \u0130l\u00e7e Santral G\u00fcc\u00fc&nbsp;&nbsp;&nbsp;&nbsp; [kWe] Yat\u0131r\u0131mc\u0131 1 YNS YATIRIM-9 GES KONYA EM\u0130RGAZ\u0130 950 YNS YATIRIM PROJE VE ELEKTR\u0130K ENERJ\u0130S\u0130 ANON\u0130M \u015e\u0130RKET\u0130 2 \u0130NC\u0130 D\u0130\u015eL\u0130 GES KONYA Emirgazi 750 \u0130NC\u0130 D\u0130\u015eL\u0130 MAK\u0130NA ELEKTR\u0130K SAN. VE T\u0130C. LTD. \u015eT\u0130. 3 TAN D\u0130\u015eL\u0130 GES KONYA Emirgazi 750 TAN D\u0130\u015eL\u0130 MAK\u0130NE ELEKTR\u0130K SAN. VE T\u0130C. LTD. &hellip; <\/p>\n<p class=\"link-more\"><a href=\"https:\/\/ynsyatirim.com.tr\/index.php\/lisanssiz-ges-referanlari\/\" class=\"more-link\">Okumaya devam et<span class=\"screen-reader-text\"> &#8220;Lisanss\u0131z GES Referanslar\u0131m\u0131z (5.1\/h Kapsam\u0131ndaki)&#8221;<\/span><\/a><\/p>\n","protected":false},"author":1,"featured_media":0,"parent":0,"menu_order":0,"comment_status":"closed","ping_status":"closed","template":"","meta":{"footnotes":""},"class_list":["post-186","page","type-page","status-publish","hentry"],"_links":{"self":[{"href":"https:\/\/ynsyatirim.com.tr\/index.php\/wp-json\/wp\/v2\/pages\/186","targetHints":{"allow":["GET"]}}],"collection":[{"href":"https:\/\/ynsyatirim.com.tr\/index.php\/wp-json\/wp\/v2\/pages"}],"about":[{"href":"https:\/\/ynsyatirim.com.tr\/index.php\/wp-json\/wp\/v2\/types\/page"}],"author":[{"embeddable":true,"href":"https:\/\/ynsyatirim.com.tr\/index.php\/wp-json\/wp\/v2\/users\/1"}],"replies":[{"embeddable":true,"href":"https:\/\/ynsyatirim.com.tr\/index.php\/wp-json\/wp\/v2\/comments?post=186"}],"version-history":[{"count":8,"href":"https:\/\/ynsyatirim.com.tr\/index.php\/wp-json\/wp\/v2\/pages\/186\/revisions"}],"predecessor-version":[{"id":285,"href":"https:\/\/ynsyatirim.com.tr\/index.php\/wp-json\/wp\/v2\/pages\/186\/revisions\/285"}],"wp:attachment":[{"href":"https:\/\/ynsyatirim.com.tr\/index.php\/wp-json\/wp\/v2\/media?parent=186"}],"curies":[{"name":"wp","href":"https:\/\/api.w.org\/{rel}","templated":true}]}}